 -44. Let x = u + 271. List the prime factors of x.
2, 11
Suppose 5*g - 2*l - 37 = -177, 0 = -2*g - 4*l - 32. Let v = g - -37. Suppose v = f - 5*c + 3*c, 3*c = 0. List the prime factors of f.
11
Let g be 29 - (-2)/(-2)*-2. Suppose 0 = q - g. List the prime factors of q.
31
Let d(y) = -8*y - 3. What are the prime factors of d(-2)?
13
What are the prime factors of ((-312)/(-84))/(5*2/9170)?
2, 13, 131
Let i = -803 - -863. What are the prime factors of i?
2, 3, 5
Let n be (-2)/4 + 49/(-2). Let a = n + 61. Suppose -6*y + 2*y + c + a = 0, 3*c + 20 = y. What are the prime factors of y?
2
Let p = -1010 + 1458. What are the prime factors of p?
2, 7
Suppose 0 = -16*t + 15*t + 15. What are the prime factors of (-3)/t + 196/5?
3, 13
Let s = 34 - -14. Suppose 2*q - s = -2*o, -6 = -5*q + 19. What are the prime factors of o?
19
Let v be 24/(-3) - (-4 + 3). Let i = v - 8. What are the prime factors of (i/(-2) + 2)*2?
19
Let g = 14 + -11. Let v be 1*3*2/g. Suppose -33 = -j - j + 3*b, v*j - 2*b = 28. What are the prime factors of j?
3
Suppose -1818 = 26*y - 28*y. List the prime factors of y.
3, 101
Suppose -5*m - 9*m + 1862 = 0. What are the prime factors of m?
7, 19
Let g(z) = z**3 + 5*z**2 - 6*z + 6. Let h = -17 - -28. Let p(x) = -x**2 + 9*x + 16. Let w be p(h). List the prime factors of g(w).
2, 3
Let g(y) = y**3 - 6*y**2 + y. Let b be g(5). Let p be 3 - b/4*6. Suppose 43 = 4*i - p. What are the prime factors of i?
19
Suppose -3*i = -4*i + 5, -5*z = i - 190. Let w = -28 + z. What are the prime factors of w?
3
Let b = 18 + -24. Let l(v) = v**3 + 6*v**2 + 8. List the prime factors of l(b).
2
Suppose 0 = -2*f + 3*i + 2139, 5*f - 969 = i + 4411. What are the prime factors of f?
3, 359
Let o = 25 - 23. What are the prime factors of -2*(o - 3)*14?
2, 7
Suppose 4709 = 18*t + 1307. What are the prime factors of t?
3, 7
What are the prime factors of 7 - ((-161624)/52 - (-2)/13)?
5, 7, 89
Let n(y) = 61*y - 8. Let p = -108 - -112. What are the prime factors of n(p)?
2, 59
Let i = 12 + -8. Suppose 0*v - v = -i. Suppose -3*t + t = -2*w - 32, -v*t - 4*w = -64. What are the prime factors of t?
2
Suppose 0 = p + 2*p - 210. Let h be 32/7 - 40/p. What are the prime factors of (1 + 93)/(h/2)?
47
Suppose 0 = 4*x - x - 4*q + 31, x - 2*q = -9. Let g(u) = u - 1. Let k(o) = 8*o - 4. Let m(i) = -18*g(i) + 2*k(i). What are the prime factors of m(x)?
2, 3
Let k = -17 - -23. Suppose k*r - 3*r + 180 = 3*y, 4*y = -2*r + 252. What are the prime factors of y?
2, 31
Suppose -4*l = -2 - 10. Suppose -18 = -l*s + s. Suppose 0*w = w - s. List the prime factors of w.
3
Let p(a) be the third derivative of a**4/24 - a**3/2 - 2*a**2. Let t be p(-4). Let v = t - -36. List the prime factors of v.
29
Suppose 0 = -4*y + 11 + 1. Let h = 48 - y. What are the prime factors of h?
3, 5
Let w = -932 - -2468. List the prime factors of w.
2, 3
Suppose 2*a = -2*y + a + 600, 5*a = 20. List the prime factors of y.
2, 149
Let l be 3/9 - 132/18. Let f = l + 40. What are the prime factors of f?
3, 11
Let w = -93 + 156. Suppose w - 383 = -4*y. Suppose -3*t + 5*t = 3*i - y, 4*i - 3*t = 105. List the prime factors of i.
2, 3, 5
Let k = 24 - -61. Let n = k + -52. Let l = n - 9. What are the prime factors of l?
2, 3
Let u = -88 - -44. Let s = u - -138. What are the prime factors of s?
2, 47
Suppose 4*n - 5*q - 595 = 0, 3*n - 299 - 142 = 2*q. List the prime factors of n.
5, 29
Let q(c) = c**3 + 13*c**2 - 14*c + 5. Let u be q(-14). Suppose -4*g = -4*s - 16, -3*g - 44 = -s + u*s. What are the prime factors of -1*(s + 0 + -1)?
3
Suppose -8408 = -16*s + 4120. What are the prime factors of s?
3, 29
Let m = 10 - -9. Let f = m - -9. What are the prime factors of f?
2, 7
Let r be (-2)/8 + 1690/8. Let b = r - 144. Suppose 4*k - b = -3*f, 7*f - 3*f = -4*k + 92. List the prime factors of f.
5
Suppose -2*p + 10 = 2*j, 0 = -7*p + 2*p - 4*j + 27. Suppose -5*f = -163 - p. What are the prime factors of f?
2, 17
What are the prime factors of (-5611 - -5)*(-4)/8?
2803
Let p(t) = -t**3 - 15*t**2 - 17*t - 6. Let n be p(-14). Suppose -16 = -2*v - k, v + v - 4*k = n. List the prime factors of v.
2, 5
Suppose -369 = -9*o + 8*o. Suppose -o - 85 = -2*w. List the prime factors of w.
227
List the prime factors of (0 - 4/(-6)) + (-99876)/(-36).
3, 5, 37
Let n = -37 - -37. Let z(w) = -2*w**2 + 193. List the prime factors of z(n).
193
Suppose -2*c = 3*c - 1180. Suppose x + 3*x = c. List the prime factors of x.
59
Suppose 5*a - 45 = -5*m, 4*a + a - 63 = 4*m. Let h = a + -12. List the prime factors of 20/(h/(2 - 3)).
2, 5
Let r(v) = v**2 + 6*v - 2. Let o(h) = h - 1. Let c be o(6). Suppose 3*s - 17 = 4*t, -44 - 16 = c*t + 4*s. What are the prime factors of r(t)?
2, 7
Let p(z) = z**3 - 10*z**2 + 5*z + 7. Let u be p(10). Let s = u + -21. Suppose 5*o + 2*g - 151 = s, -3*o = 4*g - 101. List the prime factors of o.
3, 13
Suppose k - 750 = -3*w + 680, -5*k - 5*w + 7180 = 0. List the prime factors of k.
1439
Let j be (-19)/(0 - 5/(-15)). Let c = -11 - j. List the prime factors of c.
2, 23
Suppose -3*i + 7 - 1 = 0. Let k(p) = 9*p + 3. Let b(x) = 6*x + 2. Let l(j) = 8*b(j) - 5*k(j). List the prime factors of l(i).
7
Suppose 0*z + 6 = 2*z. What are the prime factors of 40/12*3 + z?
13
Let b be ((-265)/10 - 0)*-6. Suppose 0 = 8*u - 5*u - b. What are the prime factors of u?
53
Suppose -6058 = -31*f - 2121. List the prime factors of f.
127
Let c(i) = -i**2 + 17*i - 24. Let p be c(15). Suppose 3*r = p - 0. Suppose -6 = -r*l, -3*u + 6*l + 87 = l. What are the prime factors of u?
2, 17
What are the prime factors of (2555 + -5)/6 - (1 - 0)?
2, 53
Let h = 4202 - -736. List the prime factors of h.
2, 3, 823
Suppose 3*t - 4*q - 380 = 328, -492 = -2*t - 4*q. Let c = -132 + t. What are the prime factors of c?
2, 3
Suppose 4*z + 722 = 5*o, 5*z + 2*o + o = -921. Let a be (-5)/20 + z/(-12). Let q = -5 + a. What are the prime factors of q?
2, 5
Let r be -8 + 1 + 4/2. Suppose u + 3*u - 24 = 0. List the prime factors of (u/r)/((-4)/50).
3, 5
Let q(f) = f**3 - 5*f**2 - 8*f + 2. Let i be q(6). What are the prime factors of ((-242)/4)/(5/i)?
11
Let z = -48 - -9. Let p = -35 - z. What are the prime factors of p?
2
Let x = -30 - -33. Suppose -201 = -4*c + 5*a, -6*a + 4*a = x*c - 122. List the prime factors of c.
2, 11
Let w = 82 - -455. What are the prime factors of w?
3, 179
Suppose 0 = 3*i - 0 - 9. Suppose -i*z = -4 - 8. Suppose 9 + 23 = z*l. What are the prime factors of l?
2
Suppose -4*j = -r + 1117, 0 = -3*j + 1 - 7. List the prime factors of r.
1109
Suppose -134*l = -106*l - 143752. List the prime factors of l.
2, 17, 151
Suppose 10*m = 6530 + 4050. What are the prime factors of m?
2, 23
Let r = -298 + 1253. What are the prime factors of r?
5, 191
What are the prime factors of (27 - 36)*(-63 + -1)?
2, 3
Let z(r) be the first derivative of -3*r**2 - 49*r + 3. List the prime factors of z(-22).
83
Suppose 2*k + 2*i = 280, -8*i - 563 = -4*k - 13*i. What are the prime factors of k?
137
Let v = 4 - 0. Let m(p) = -5*p + 1. Let l(z) = -5*z + 2. Let u(r) = v*m(r) - 3*l(r). List the prime factors of u(-5).
23
Let w be (-10 - -2) + 0/4. Let k = -1 - w. List the prime factors of 7 + -1 + (k - 3).
2, 5
Let c(j) = 45*j + 20. Let i be c(-12). Let v be (2/(-4))/(20/i). Suppose -4*r = -4*u - 56, -3*r + v = -r + u. List the prime factors of r.
3
Suppose 0 = -z + 4*z. Suppose 2*i = -p - 0*p + 14, z = 5*p + 3*i - 35. Suppose a + 55 = 5*d, -d + 0*d = -p*a + 8. What are the prime factors of d?
2, 3
Let d = -4 - -7. Suppose d*t + 0*t - 60 = 0. What are the prime factors of 4/(-1*(-8)/t)?
2, 5
Let m = -6 + 10. Suppose -t = -3*t - 3*r + 127, m*r + 69 = t. What are the prime factors of t?
5, 13
Suppose -10*f + 5*f = -980. Suppose 7*c + f = 11*c. List the prime factors of c.
7
Let h(s) = s**3 - 19 + 16*s - 27*s - s + 5 + 7*s**2. List the prime factors of h(-7).
2, 5, 7
Suppose -9*n + 18 = -3*n. Suppose -n*g = -52 - 62. What are the prime factors of g?
2, 19
Let a(g) = 14*g**2 + 8*g + 12. What are the prime factors of a(-6)?
2, 3, 13
Let b = -76 - -70. Let l(w) = 7*w**2 + 9*w - 10. Let n(c) = -c**2 - c + 1. Let d(t) = l(t) + 6*n(t). List the prime factors of d(b).
2, 7
Let d(f) = -f**3 - 6*f**2 - f + 6. Let x be d(-6). Let m(n) = n**2 - 4*n - 16. What are the prime factors of m(x)?
2, 5
List the prime 